 o. What are the prime factors of v?
3, 7
Let t(p) = -3*p + 13. Let o be t(-9). Let v be 264/o + (-6)/10. Suppose -f - v = -23. List the prime factors of f.
17
What are the prime factors of 1093 - (-10 - -6 - -2)?
3, 5, 73
What are the prime factors of 11/(-3 + (-342)/(-68) + -2)?
2, 11, 17
Let l = 24 + -7. Suppose 51 = 2*z - 2*x - l, 0 = z + 5*x - 34. List the prime factors of z.
2, 17
Let a = -76 - -515. List the prime factors of a.
439
Suppose -2*f = -3*f + 9. Let l be (6/18)/(1/f). Let x = l - 1. What are the prime factors of x?
2
Let m(g) = g**2 + 11*g + 11. Let b be m(-9). Let w(o) = 9*o. Let c be w(-1). Let n = b - c. List the prime factors of n.
2
Let m = 26 - 29. Let f be (-2 + m + 6)*-3. Let p = 26 - f. What are the prime factors of p?
29
Suppose -5*w - 2*l + 4434 = 0, 2*l - 2658 = -3*w - 0*l. List the prime factors of w.
2, 3, 37
Suppose 2*k - 3 = 2*v - 9, -9 = -v + 3*k. Let p(u) = -u + 28. What are the prime factors of p(v)?
2, 7
Let a be (72/20)/(-9*(-2)/300). What are the prime factors of 24/a - 1188/(-5)?
2, 7, 17
Let t(a) = 5*a - 15. Let o be t(5). Suppose 0*u + 1690 = o*u. List the prime factors of u.
13
Suppose 0 = 5*k + 3*h - 9 + 76, 4*h = -16. Let z = -9 - k. What are the prime factors of 19/z*(-2)/(-1)?
19
Suppose 2*b = 4*o - 6202, -3*b + 2*b - 7754 = -5*o. What are the prime factors of o?
3, 11, 47
Suppose -4*x - 2*w = -178, -3*w = -4*x + 5*x - 42. Suppose 2*y - 29 = x. List the prime factors of y.
37
Let p = 2 + 0. Let y be 69/9 + (-10)/15. Suppose 0 = -p*a + 67 - y. What are the prime factors of a?
2, 3, 5
Let u be -3 + (-53 + 0 - -4). Let p = 110 + u. List the prime factors of p.
2, 29
Let c(o) = 3*o**2 + 8*o + 46. List the prime factors of c(-7).
137
Let q(x) = -1 - 5*x - 16 + 18*x. What are the prime factors of q(7)?
2, 37
Let q = -21 - -24. Suppose 2*s = -q*s + 270. List the prime factors of s.
2, 3
Let h(x) = 92*x - 42. List the prime factors of h(5).
2, 11, 19
Suppose 3*k + 7*r - 4*r = 1257, 0 = 5*k - 4*r - 2131. What are the prime factors of k?
3, 47
Suppose i + 795 = -2*i. What are the prime factors of i*(-6 + 4)/10?
53
Let t(y) = -y**2 + 7*y - 6. Suppose -4*m + 25 = 5. Let d be t(m). Suppose -18 + 115 = 3*o + z, o - d*z = 54. List the prime factors of o.
2, 17
Suppose -4*t + 645 = -t. Suppose -2*m = 4*f - 112, -4*m + t = -4*f + 3. What are the prime factors of m?
2, 3
List the prime factors of -6339*(-2)/24 + 8/(-32).
2, 3, 11
Let z(c) = -185*c + 6. What are the prime factors of z(-3)?
3, 11, 17
Let m be (1 + 17)*(-6)/12. List the prime factors of 4 + (-187)/m + 28/126.
5
Suppose 4*n - 12 = 2*n. Let s be (-1 - -58)*n/(-9). List the prime factors of (s/4)/((-6)/12).
19
Let d be (11 - 10)*(1 - -1). Let h be 8 - (-8)/(d + -6). List the prime factors of (-37)/(-2) + h/(-12).
2, 3
Let h(u) = 2*u**2 + 5*u - 27. Let y(k) = -3*k**2 - 7*k + 40. Let a(p) = -7*h(p) - 5*y(p). What are the prime factors of a(8)?
53
Let p = 22 - -10. Let w = p + -14. Suppose -2*t + 82 + w = 0. What are the prime factors of t?
2, 5
Let g(q) = -q**3 + 5*q**2 - 4*q + 3. Let y be g(5). Let p be y - (-3 - (-5 + -1)). Let s = p + 40. List the prime factors of s.
2, 5
Suppose 3*f - 107 = -2*o + 44, -5*f + 239 = -3*o. Let n = f - -6. What are the prime factors of n?
5, 11
Suppose o = 2*d - 29 - 21, -5*o = 10. Suppose -h + 12 = 2*m, 0 = -3*h - m + d + 22. List the prime factors of h.
2
Suppose 3*p - 60 = -p. Suppose 0 = -i + 2*i - 3*g - 11, -3*g - p = -3*i. Suppose 30 = 4*l - 2*u, -i*l + 40 = -5*u + 5. List the prime factors of l.
5
Let y(j) = j**3 + 6*j + 9. What are the prime factors of y(0)?
3
Let f = -895 - -2017. What are the prime factors of f?
2, 3, 11, 17
Let v(s) = s**2 - 5*s + 19. What are the prime factors of v(-17)?
3, 131
Suppose 6*k = 4*k. Suppose 2*p - 3*p + 2 = k. Suppose 110 = 7*w - p*w. List the prime factors of w.
2, 11
Let y = 2531 + -1647. Suppose 4*g - 12 = y. What are the prime factors of g?
2, 7
Suppose -2*t = 51 + 33. Let v = -17 - t. What are the prime factors of v?
5
Suppose 3*r + 43 = u, -4*r + 291 = 4*u + u. Suppose -33*q - u = -34*q. List the prime factors of q.
5, 11
Suppose -384 = -s + 3*k, 4*s - k - 1472 = -5*k. What are the prime factors of s?
2, 3, 31
Suppose 2*f = -5*t + 33, -2*t - 21 = -f - 3*t. Suppose f = q - 4*q. What are the prime factors of 1/(-4 + (-34)/q)?
2
Suppose 1476*u + 10791 = 1487*u. What are the prime factors of u?
3, 109
Suppose -5*n = -5*i + 620, -242 = 2*n + 4*i - 3*i. Let r = 197 + n. What are the prime factors of r?
3, 5
Let b be 3/9 - (-50)/3. Suppose 2*r - 5*o + b = 0, -4*o = 3*r + 6 - 38. Suppose 38 + 110 = r*z. What are the prime factors of z?
37
Let y(t) = 9*t**2 - 5*t - 88. What are the prime factors of y(10)?
2, 3, 127
Let t(g) = 3*g**2 + 9*g**2 - 11*g - 11*g - 3*g**3 + 19 + 2*g**3. What are the prime factors of t(9)?
2
Suppose 2164 = 4*o - 4*v, 17*o - 21*o = 3*v - 2178. List the prime factors of o.
3, 181
Let x(g) = 69*g - 37. What are the prime factors of x(7)?
2, 223
Let d = 7866 + -3549. What are the prime factors of d?
3, 1439
Suppose -o - 750 = -4*o. Suppose 5*t = -3*c + o, -4*t + 2*c + 100 = -2*t. Suppose -n = n - t. List the prime factors of n.
5
Suppose 5*c - 3*g - 3412 - 1454 = 0, -5*c - 5*g = -4890. List the prime factors of c.
3, 5, 13
Suppose 0 = -2*v - 5*p + 1927, 4602 = 3*v - 3*p + 1680. List the prime factors of v.
971
Suppose -5*m + 14 + 11 = 0. Suppose 2*h + 88 = -4*b + 358, -2*h = m*b - 269. What are the prime factors of h?
137
Suppose 0 = 3*l - c - 334, 546 = 3*l + 2*l + c. Let u = l + 31. List the prime factors of u.
3, 47
Let w(i) = -3*i + 3. Suppose -2*r + 0*r + 52 = -3*y, 0 = -4*y - 2*r - 46. List the prime factors of w(y).
3, 5
List the prime factors of 1/7 + (-144)/(-21) - -493.
2, 5
Let d(i) = 2*i**3 - 7*i**2 + 12*i - 1. What are the prime factors of d(10)?
3, 11, 43
Let c = -6 + 16. List the prime factors of -2*((-805)/c)/7.
23
Let k(z) = z**3 + 7*z**2 + 2*z - 14. Let r = -31 - -25. List the prime factors of k(r).
2, 5
Let l be (4/(-6))/(1/(-117)). Suppose 7*c = l + 202. List the prime factors of c.
2, 5
Let k(v) = v**2 - 8*v + 5. Let h be k(8). Suppose -h*r + g = -5 - 43, 3*r = 2*g + 33. List the prime factors of (-9)/2*(-24)/r.
2, 3
Let x(r) = r**2 - 11*r - 31. Let k be x(22). Let j = k + -17. List the prime factors of j.
2, 97
Suppose 0 = 40*t - 9*t - 8587. List the prime factors of t.
277
Suppose -1859 - 2113 = -2*q. List the prime factors of q.
2, 3, 331
Let f be (-20)/(-12) - (-8)/6. Suppose -5*o + 0*i + 329 = -i, -2*o - f*i = -118. What are the prime factors of o?
5, 13
Let f(q) = -2*q**3 - 12*q**2 - 13*q - 5. Let t be f(-8). Suppose -t = 20*p - 25*p. List the prime factors of p.
71
Let b(f) = -2*f**2 - f - 29. Let j(v) = -v**2 - v - 14. Let i(h) = 3*b(h) - 7*j(h). List the prime factors of i(-5).
2
Let g = -23 + 21. List the prime factors of g/((-6)/5)*21.
5, 7
Suppose -9*w = -7*w + 6. Let f be 3/(((-12)/44)/w). Suppose -3*i + 1 = x, -5*x - 3*i + f = -2*x. What are the prime factors of x?
2
Let p(j) = j**3 + 10*j**2 - 5*j - 8. Let d = -79 - -115. Suppose 5*i + k = i - d, -4*i + 2*k - 48 = 0. List the prime factors of p(i).
2, 3, 7
Let j(q) = -q**3 + 42*q**2 - 72*q - 55. List the prime factors of j(39).
2, 5, 17
Let l(f) = -81*f**3 + f**2 - 2*f + 2. Let p be l(1). Let u = 115 + p. Suppose -8*v = -3*v - u. What are the prime factors of v?
7
Let u(k) = 65*k**2 - 7*k - 5. List the prime factors of u(3).
13, 43
Let g(r) = -46*r + 19. List the prime factors of g(-13).
617
Let r be (-11)/(-3) - 8/(-24). Suppose -v - 7*d + 3*d = -104, -r*v + 4*d = -436. What are the prime factors of v?
2, 3
Suppose 5*c - 7*l + 8*l - 3394 = 0, 0 = 4*c - 5*l - 2721. List the prime factors of c.
7, 97
Let m(q) = -201*q**3 - q + 2. Let u be m(1). Let z = u + 303. What are the prime factors of z?
103
Let o(z) = 22*z**2 + z + 1. Let m(v) = 4*v - 13. Let r be m(4). Let y be o(r). Let u = y + -133. What are the prime factors of u?
3, 23
Let n be 8/28 + ((-564)/(-28))/3. Suppose 2*r - 29 = -n. List the prime factors of r.
11
Let i = -44 - -66. Let y = 47 - i. List the prime factors of y.
5
Let a(n) = n**2 + 18*n + 17. List the prime factors of a(8).
3, 5
Suppose 0 = 3*a - 2*a - 5. Suppose -i - 4 = -a. Let u = i - -44. What are the prime factors of u?
3, 5
Let c be (3 - 0)/(42/98).